7 + 0. Suppose -8*u + 62 = -p*u. Is u prime?
False
Let i(j) = j**2 + 7*j + 9. Let h be i(-8). Suppose -t + 30 + h = 0. Is t a prime number?
True
Suppose -5*p + 641 = -124. Let u = p + -62. Is u a composite number?
True
Is 1518/4 + (-12)/(-16)*2 a prime number?
False
Let y = -1 + 3. Suppose 0 = -y*b - 2*b + 28. Is b prime?
True
Let o(t) = -t**3 - 8*t**2 - 11*t - 8. Let r be o(-7). Suppose x + r = 6*x. Is (-2)/(-4) + 186/x prime?
True
Let l = -5091 + 7910. Is l prime?
True
Let o(a) = 39*a**2 + 5. Is o(6) composite?
False
Is (2/3)/((-8)/(-372)) prime?
True
Suppose 2*r = -5*s + 472, -4*s = 4*r - 740 - 180. Let c = -160 + r. Suppose -3*t + 9 + c = 0. Is t a prime number?
False
Let y(s) = 63*s**2 - 5*s - 5. Is y(-2) a composite number?
False
Let h = -1 + 6. Suppose 5*u = -15, -4*g + g = -4*u - 426. Let a = h + g. Is a a composite number?
True
Is ((-6)/18)/((-2)/(-6))*-4501 composite?
True
Suppose -5*t + 10 = -0*t, 5*t = -3*g + 1975. Is g a composite number?
True
Suppose 3*j - 955 = 1640. Is j a prime number?
False
Let t(y) = 80*y**2 - 3. Is t(2) prime?
True
Let c = -560 + 1095. Is c composite?
True
Let b = -4 + 8. Suppose 4*m - 333 - 136 = 3*x, 0 = 4*m - b*x - 464. Is m a prime number?
False
Suppose 2*p + 2*l - 143 = 281, 0 = -4*p + 4*l + 888. Is p composite?
True
Let r be (2/5)/((-4)/(-40)). Suppose 5*i = r*b + 95, 2*b = -2*i + b + 51. Is i a composite number?
False
Is 98*(-2 - 2)/(-8) composite?
True
Let m(o) = o**3 + 5*o**2 + 4*o + 2. Let k be m(-4). Suppose k*u - 2*y - 2 = 0, 2*y - 3 - 5 = 0. Suppose 68 - 223 = -u*r. Is r a prime number?
True
Suppose 882 = 3*p + 3*k, k - 377 = -5*p + 1109. Suppose 0 = -2*i + 4*i - p. Is i a composite number?
False
Suppose 3*k - 1 = 4*k. Let m be (-9)/k*(-2)/3. Is (153/(-6))/(3/m) composite?
True
Suppose -3*o - 480 = -7*o. Suppose a + o = 5*a. Is (10/6)/(2/a) a composite number?
True
Suppose -3*a + 2*a + 179 = 0. Is a prime?
True
Let y be -5 + (2 - 0) + 1. Let o(x) = x**3 + 3*x**2 + x + 2. Let u be o(y). Suppose -u*m = m - 30. Is m prime?
False
Let p(u) be the first derivative of -u**4/4 - 8*u**3/3 - 2*u**2 + 5*u - 1. Suppose -2*q + 12 = -3*s - 22, 4*s - q = -37. Is p(s) a prime number?
True
Suppose -c = -0*c. Suppose c = -3*z - 0*z + 213. Is z a prime number?
True
Let u be (-10)/(-4)*(2 - 0). Suppose u*f - 4*f - 3 = 0. Let g = f + 18. Is g a prime number?
False
Is ((-2846)/5)/(-4 - 95/(-25)) a composite number?
True
Let v be 2 + -4 + 5 + -3. Suppose v = -2*h - 10 + 48. Is h a prime number?
True
Is (-3046)/3*(-21)/14 composite?
False
Let o(l) = -l**2 + 7*l + 1. Let a be o(6). Suppose 0 = -a*h + 2*h + 185. Is h a composite number?
False
Let a = -3 - -6. Suppose 35 = 3*s + 4*d, a*d + 0 = 5*s - 10. Suppose 5*t + 5*p - 69 = t, -25 = -s*p. Is t a composite number?
False
Let a = -6916 - -12157. Is a a prime number?
False
Let t(v) = 19*v**2 + 9*v - 10. Let s(l) = -18*l**2 - 8*l + 9. Let o(d) = -7*s(d) - 6*t(d). Is o(2) a composite number?
True
Is (2 - 269/2)*-2 a prime number?
False
Let p be (-1196)/(-2) + 0 + 2. Let a = p + -394. Let s = -91 + a. Is s a prime number?
False
Let s(f) = 87*f**2 + 5*f - 2. Let j be s(-3). Suppose 4*z - j + 258 = 0. Is z a prime number?
True
Let h(y) = -y. Let t be h(-2). Suppose -l + 22 = -d, -3*d + 78 = t*l + 3*l. Suppose 3*b - 39 = l. Is b prime?
True
Suppose -6*q + 6584 = -2830. Is q a composite number?
True
Let f = -4 - -1. Let k be (f/2)/((-1)/(-2)). Is 41/3 + (-1)/k prime?
False
Let b(t) = -9*t - 7*t - 3*t - 4*t. Let j(u) = u**2 - 6*u + 4. Let z be j(5). Is b(z) a composite number?
False
Let q(f) = 47*f + 2. Is q(7) prime?
True
Suppose p + 0*p + 22 = 5*j, -8 = -p - j. Suppose p*c = 31 - 13. Suppose c*q - 2*q = 28. Is q composite?
False
Suppose -2*x = -956 + 334. Is x composite?
False
Suppose 2*w = -2*w - t + 19, w + t - 7 = 0. Suppose -4*u = -1034 + 294. Suppose 0 = w*r - 9*r + u. Is r composite?
False
Suppose -3*a + 0*x - 3*x = -1470, 0 = -5*a + 4*x + 2477. Is a a composite number?
True
Let g(i) = -i**2 + 3*i - 3. Let b be g(3). Let m be (-3)/b - (-32 - 0). Let z = -10 + m. Is z a composite number?
False
Is (9/15)/((-2)/(-4090)) prime?
False
Is -1*((-4)/14 - (-720)/(-28)) a composite number?
True
Let o(j) = -j**2 + 3. Let p be o(0). Let y be 2/(-3) + 2/p. Let s = y - -43. Is s composite?
False
Let z(n) = n**3 - 2*n**2 + 3*n - 1. Let x be z(-4). Let f = 204 + x. Is f a composite number?
True
Suppose 77 = -3*g - 61. Let n = g + 83. Is n a composite number?
False
Suppose 3 = -a + 1, -3*i + 5*a = -664. Is i a prime number?
False
Suppose -4*t - 19 = -5*d, -15 = -d - 0*d - 2*t. Is d a composite number?
False
Is -2 - -1138 - (2 + 1) a composite number?
True
Suppose -5*q + 20 = -x, 0 = 4*q - 2*x - x - 27. Let m be 212/(-20) + q/5. Is 98/4*m/(-5) composite?
True
Let m(x) = x**2 + 2*x + 3. Let y be m(-2). Let q(g) = -g**2 + 12*g - 15. Let p be q(10). Suppose -4*u + 157 = p*c, 5*c - 2*u - y*u = 175. Is c a prime number?
False
Is 2/(-9) + (1 - 16210/(-45)) composite?
True
Let i(t) = -t**3 + 8*t + 3. Let m be i(7). Let o = -187 - m. Is o a prime number?
True
Suppose 0*p + 207 = -3*p - 5*l, 0 = 4*p - 3*l + 276. Let x = p - -102. Let c = 10 + x. Is c composite?
False
Suppose 5*y + o - 167 = 0, 0 = -3*y + 2*o - o + 97. Is y a composite number?
True
Let g(n) = n**3 - 7*n**2 - 8*n + 3. Let t be 48/9*6/4. Let m be g(t). Suppose -2*b = a - 5, -a - m*a + 55 = b. Is a composite?
True
Suppose j + 308 = 5*j. Suppose t + 10 = -0*t. Let x = t + j. Is x prime?
True
Let y(x) = 3*x + 2. Let a be y(-2). Is (-1014)/(-18) + a/(-6) composite?
True
Let g(d) = -d**2 - 1. Let i(q) = -6*q**2 - 3*q - 6. Suppose 4 = -2*k + 2. Let b(s) = k*i(s) + 3*g(s). Is b(3) a composite number?
True
Let q(r) = 23*r - 9. Is q(2) a composite number?
False
Suppose g - 4*g + 12 = 0. Suppose 0 = g*j - 5*j + 21. Is j a composite number?
True
Suppose 4*w - w = 111. Is w composite?
False
Let o = 67 - -186. Is o prime?
False
Let f(a) = 2 + 24*a**2 - 4*a**2 + 16*a**2 - 1. Is f(-1) composite?
False
Let r = 4374 + -2513. Is r a prime number?
True
Let v(b) = 25 + 9 - b**2 + 69 + 2*b**2 + b. Is v(0) a composite number?
False
Suppose -4*q = -0 - 8, -q = 5*z - 372. Suppose -z = -3*o - 17. Is o prime?
True
Suppose -2*n - n + 24 = 0. Suppose n = -4*z, -v = 3*v - 5*z - 902. Is v a prime number?
True
Suppose -3*i + 717 - 54 = 0. Is i a prime number?
False
Let j be 0 + -103 - (2 + -2). Let h = 224 + j. Is h a composite number?
True
Let a(t) = t**2 - 8*t + 1. Let m be a(7). Let c(b) be the third derivative of b**5/20 + b**4/4 + 5*b**3/6 - 2*b**2. Is c(m) prime?
False
Suppose -5*x - 5 = -2*g, 4*x + 0*x + 1 = g. Suppose 0*t + g*t = 55. Suppose -n + 59 = l - t, -73 = -n - 2*l. Is n a prime number?
True
Suppose -3*q = 5*l + 17 + 17, -14 = 3*q - 5*l. Let n(c) = -2*c + 5. Let a(j) = 1. Let o(g) = -6*a(g) + 3*n(g). Is o(q) composite?
True
Suppose s + 3*s + 16 = 0. Suppose 4*a - 128 = 3*b + 3*a, b - 3*a = -48. Is (s/12)/(2/b) composite?
False
Suppose q = -q + 3*c - 7, -4*q - 5*c = -19. Is (1 - 34)*(0 - q) a composite number?
True
Let p(t) = t**3 + 16*t**2 - 15*t + 19. Is p(-15) a prime number?
False
Suppose -2*z = -4*o - 0*z - 14, 0 = -3*o + 4*z + 2. Let n = 265 + o. Is n composite?
True
Let k(h) be the second derivative of 0*h**4 - 1/20*h**5 + 3/2*h**2 + 0 - 1/6*h**3 + 3*h. Is k(0) a composite number?
False
Suppose -4 = k + 46. Let h be k/(-6)*(2 - -13). Let s = h + -60. Is s a composite number?
True
Suppose -5*o - l - 2*l + 635 = 0, 4*o = l + 508. Is o a prime number?
True
Suppose j = -4*j. Suppose j = 3*v - 265 + 58. Suppose 3*o - 38 = -3*s + 10, 4*o + 3*s = v. Is o a composite number?
True
Let z(c) = c**2 + 11*c + 9. Let q be z(-8). Let d be ((-18)/q)/(2/10). Suppose -4*h - d = -5*h. Is h composite?
True
Suppose 0 = 3*l - 0*f - 3*f - 141, 156 = 4*l + 4*f. Let d be 6/(-4)*100/(-15). Suppose l = x - d. Is x composite?
False
Is (-4)/(-1 + 5)*7914/(-2) composite?
True
Let l(v) = 171*v - 5. Let d be l(-3). Is ((-7)/2)/7*d a prime number?
False
Suppose -5*f = n - 1, 2*f - 14 = 4*n + 4. Let z be (14 - 0/f) + 1. Is 5/z - 248/(-3) composite?
False
Let h(n) = n + 1. Let f be h(1). Suppose -4*u = -0*u - 48. Suppose -f*o - 4 = -u. Is o prime?
False
Suppose 5*k = c + 22 - 54, 2*k + 109 = 3*c. Is c a composite number?
False
Let b(v) = v**3 + 10*v**2 + 8*v - 4. Let p be